 + 3877, -4*q + 3907 = -5*h. List the prime factors of q.
7, 139
List the prime factors of (-864240)/(-130) + 13/1.
6661
Let w(k) = 81*k**2 + 36*k + 4. Let t be 1/(36/(-78)) - 1/(-6). Let m(d) = 16*d**2 + 7*d + 1. Let u(a) = t*w(a) + 11*m(a). What are the prime factors of u(-3)?
2, 3, 19
Let b = 227 - 132. What are the prime factors of 22382/b - 9/15?
5, 47
Suppose -113*z + 1034409 = 9160. What are the prime factors of z?
43, 211
Suppose -5*n = 5*g - 78785, -24*g + 15751 = -23*g + 2*n. List the prime factors of g.
11, 1433
Suppose -3*r = 5*h - 78, 4*h = -r - 2*r + 63. What are the prime factors of (6/h - 0)*(-5685)/(-6)?
379
What are the prime factors of -15*9/45 + (0 - 0) - -47021?
2, 23509
Suppose 22*t - 7*t = -75. Let o be t - (-2 + -1) - -5. Suppose 5*r = -3*s + 1029, o*r + r = -s + 819. What are the prime factors of r?
2, 3, 17
Let i be 50/4 - 12/(-8). Let h(d) = -12*d**2 + d**3 - 6 - 19*d + 18 + 7 + 5. List the prime factors of h(i).
2, 3, 5
Suppose 2025 = 6*r + 3*r. Let g be (-1 - 0) + -1 + r. Let s = g + -130. List the prime factors of s.
3, 31
Suppose 2*l - 18938 = -2*k, k = 2*k - l - 9459. What are the prime factors of k?
2, 7, 13
List the prime factors of 16 - 14 - 16 - -24153.
101, 239
Let j(c) = c**3 + 5*c**2 + 6*c - 9. Let r be j(7). Suppose 0 = 2*m - 225 - r. What are the prime factors of m?
3, 47
Suppose 2*j = 3*l, 2*j = -0*j - 5*l. Let u(i) = i**3 - 16*i**2 + 7*i - 8. Let g be u(16). Suppose 0 = d - j*d - g. What are the prime factors of d?
2, 13
Let f(v) = -2*v**2 - 9*v + 13. Let d be f(6). Let o(k) = -223*k**3 - k**2 + k + 1. Let m be o(-1). Let g = m + d. List the prime factors of g.
109
Let d = -134 + 545. Let h = 477 + d. What are the prime factors of h?
2, 3, 37
Suppose 115*m + 46260 = 127*m. What are the prime factors of m?
3, 5, 257
Suppose 91*n = 48*n + 929832. What are the prime factors of n?
2, 3, 17, 53
Suppose 0 = 18*g - 18. What are the prime factors of g/(4 - (-7575)/(-1895))?
379
Let o(b) = 3*b + 54*b**3 - 8 - 50*b**3 + 1 + 0. List the prime factors of o(4).
3, 29
Suppose 1459 = -5*v - 1976. Let d = v - -1348. What are the prime factors of d?
661
Let a = -9261 - -46920. List the prime factors of a.
3, 12553
Let n = -251 - -251. Suppose n = 226*l - 229*l + 363. List the prime factors of l.
11
Suppose -t - 3598 = -4450. List the prime factors of t.
2, 3, 71
Suppose -j - 5 = 0, -7*u = -5*u - 5*j - 243. Let q = u + 327. What are the prime factors of q?
2, 109
Suppose -4*m + 1034 = 3*y, 5*m = y - 3*y + 680. Suppose r + 81 = y. What are the prime factors of r?
269
Suppose 0 = -52*u - 131227 + 195192 + 312983. List the prime factors of u.
11, 659
Let o = -53 - -56. Suppose -o*x = -2*u - 198, 165 = 4*x + 5*u - 76. Let n = x - -31. List the prime factors of n.
5, 19
Let c = 158 + -154. What are the prime factors of c*(-105)/(-40)*(-606)/(-9)?
7, 101
Let j(t) = -t**2 + 11*t - 15. Let a be j(9). Suppose 0 = -a*p - 5 + 14. Suppose -p = -m, -3*m + 6 = k - 14. List the prime factors of k.
11
Let r(l) = l**2 - 13*l - 2. Suppose 5*s - 138 = 2*w, 17*s - 16*s - 10 = -4*w. What are the prime factors of r(s)?
2, 3, 7
Let r(z) be the second derivative of 11*z**5/20 + 5*z**4/12 + z**3/6 + z**2 - 48*z. What are the prime factors of r(2)?
2, 7
Suppose y - 4*q = 6*y - 46, -3*q = 2*y - 24. Let v be -2*((-24)/20)/(y/20). List the prime factors of 518/v - (-1)/4.
5, 13
Let i(n) = -75*n - 1450. What are the prime factors of i(-100)?
2, 5, 11
Let k be -4*20/16 - -6. Let c(z) = 1023*z. What are the prime factors of c(k)?
3, 11, 31
Suppose -180 = 2*y + 5*d, 82 = -y - 5*d - 8. Let w(b) = -b**3 + 8*b**2 - 7*b - 1. Let s be w(7). What are the prime factors of (s - y)/(2 + (1 - 2))?
89
Let l(n) = -210*n + 300. Let d(k) = 16*k - 23. Let z(u) = 40*d(u) + 3*l(u). Suppose -18 = -2*c - 0*i - 2*i, 5 = -5*i. List the prime factors of z(c).
2, 5
Let w(p) = -25*p - 34. Suppose -57 = 2*j - 41. What are the prime factors of w(j)?
2, 83
What are the prime factors of -12*(-4)/(-12)*(-21)/(-14) + 26171?
5, 5233
Suppose -151*g + 263684 = -358285. List the prime factors of g.
3, 1373
Suppose 2*l = -2*u - 0*u + 18, 39 = 5*l - u. Suppose -563 = -q - 5*k, -5 = -3*k + l*k. List the prime factors of q.
2, 71
Let z(j) = 456*j + 2103. What are the prime factors of z(23)?
3, 1399
Let l be (1 - 0)/((-6)/(-6)). Suppose r + l + 113 = 0. Let y = 203 + r. What are the prime factors of y?
89
Suppose 4 = 3*o - 17. Let u be o/(-2)*96/(-56). Suppose u*j = -0*j + 276. What are the prime factors of j?
2, 23
What are the prime factors of (-85189)/(-4) + (22 - (-595)/(-28))?
2, 23, 463
Let w(y) = -8. Let d(h) = 29*h + 96. Let x(p) = -6*d(p) - 66*w(p). List the prime factors of x(-2).
2, 3, 5
Let l be (-27)/2*44/(-22). Let f(c) be the first derivative of -c**4/4 + 28*c**3/3 - 25*c**2/2 - 20*c + 15. What are the prime factors of f(l)?
2, 17
Let c = 2363 + -1208. Let v = c + -32. What are the prime factors of v?
1123
Suppose 3*f + 18 = f + 2*d, 4*f - 2*d + 34 = 0. Let r be (-7010)/(-65) - f/52. Suppose r - 663 = -5*h. List the prime factors of h.
3, 37
Let v(k) = k**2 - k + 2. Let d(t) = 3*t**2 - 19*t - 54. Let n(q) = d(q) - 2*v(q). List the prime factors of n(-5).
2, 13
Let u(z) = -1010*z - 13101. What are the prime factors of u(-106)?
17, 5527
Let d(m) = 497*m**2 - 60*m - 530. List the prime factors of d(-8).
2, 3, 67, 79
List the prime factors of (-1 + 685/(-2))*808/(-606).
2, 229
Let t(k) = -4*k + 138. Let l be t(34). Suppose 2*b + l*d = 7*b - 51, b - d = 9. What are the prime factors of b?
11
Let q(s) = -s**2 + 4*s + 2. Let y be q(0). Suppose -820 = -3*p + y*n, -1195 = -5*p + 4*n + 173. List the prime factors of p.
2, 17
Let s be 3/(-6)*(2 + -20). Suppose 7*z = s*z - 536. List the prime factors of z.
2, 67
Let b(r) = 35*r + 1. Let p(w) = 71*w + 2. Let m(j) = 5*b(j) - 3*p(j). Let n be m(-2). What are the prime factors of n + 3 - (-3)/1?
3
Suppose 260*a = 553*a - 245*a - 1646736. What are the prime factors of a?
7, 13, 29
Let v = -30 - -117. Let u be 1360/(-24)*54/45. Let h = v + u. List the prime factors of h.
19
Suppose v = 5*p - 128, 5*p + v - 3*v - 126 = 0. Suppose -p = 6*t - 866. Let x = t + -14. What are the prime factors of x?
2, 3, 7
Let l = -4 + 9. Suppose 158 = 4*j + o, 5*j - l*o = 80 + 105. Suppose 38*x - j*x + 18 = 0. What are the prime factors of x?
2, 3
Let y be -1 - ((-2 - -8) + -1 - 5339). Suppose -4*u + 4264 = f, -5*u = 10*f - 8*f - y. What are the prime factors of u?
3, 5, 71
Let c(y) = -228*y - 222. List the prime factors of c(-10).
2, 3, 7
Let t(a) = 5195*a**2 - a - 3. Let q be t(-1). Suppose 2*u + 7*u - q = 0. What are the prime factors of u?
577
Let j = 243 + -243. Suppose j = q - 7*g + 2*g - 246, 2*q - 492 = -4*g. List the prime factors of q.
2, 3, 41
Let u(h) = 8*h**2 + 18*h - 34. Let y be u(11). Let o = -333 + y. List the prime factors of o.
17, 47
Let x be (-158)/(-2) + -51 + 51. List the prime factors of 237/x - (0 + -1465).
2, 367
Suppose -254*u = -249*u + 4*g - 63089, -u - 3*g + 12620 = 0. List the prime factors of u.
11, 31, 37
Let s = -174 + 178. What are the prime factors of ((-189)/70*s)/((-2)/100)?
2, 3, 5
Suppose 3*k = -2*d + 16, 3*k + 4 = 6*k - 4*d. Suppose 103 = b + 5*y, 5*b = 8*b - k*y - 366. What are the prime factors of b?
2, 59
Let b be ((-6)/(-4) + 1/(-2))*5. Suppose 0 = -5*r + b, -5*w + 4*r = -0*r - 31. Suppose -16 = 3*v - w*v. What are the prime factors of v?
2
Let l = -64 - -86. Suppose 0 = 4*v - n - 23 - 0, -2*v + l = -4*n. Suppose -v*i = 43 - 308. What are the prime factors of i?
53
Let p(r) = 2*r - 60. Let y be p(30). Suppose y = -11*s + 4687 - 1882. List the prime factors of s.
3, 5, 17
Let v = -47 + 47. Suppose 3*w - 64 = -5*d, 5*d + 8*w - 3*w - 60 = v. What are the prime factors of 32/112 - (-598)/d?
43
Suppose 5*m - 5*u + 4*u = 36187, 3*m - u = 21713. What are the prime factors of m?
7237
Let o = -245 + 249. Suppose -4*d + 876 = o*t, 5*d - 401 - 31 = -2*t. List the prime factors of t.
13, 17
Let w(u) = -4*u + 2. Let r = 35 + -36. Let b be w(r). Suppose -72 - b = -s. What are the prime factors of s?
2, 3, 13
Let v(s) = 11245*s - 138. List the prime factors of v(1).
29, 383
Let z = 6165 - 4292. List the prime factors of z.
1873
Let j(o) = -o**2 - 2*o + 45. Let v be j(0). Let w be 243/v + (-2)/5. Suppose -w*x - 3*q + 151 = -x, x 